
12
Let c = 24 - 8. Let m(g) = -25*g**3 - 2*g**2 - 3*g - 1. Calculate the remainder when m(-1) is divided by c.
9
Let k(n) = 12*n**2 - 5. Let z = -51 + 49. Calculate the remainder when k(z) is divided by 11.
10
Let z(a) = -21*a**3 - 2*a**2 + 20*a + 37. What is the remainder when z(-2) is divided by 41?
34
Suppose -3*u - 18 = 4*d, -3*d + 3*u = -2*u + 28. Calculate the remainder when 48 is divided by 14 + (-8)/d*-3.
8
Suppose 0 = 2*o - 3*x - 28, -o + 6*x = x. Let r be (-22 - -1)*o/15. Let d = -14 - r. What is the remainder when 54 is divided by d?
12
Let i = 7 - -3. Calculate the remainder when i is divided by (-2 - -1)/(3/(-30)).
0
Suppose 5*w - 3 = 97. Calculate the remainder when 375 is divided by w.
15
What is the remainder when (-109)/((8/12)/(8/(-12))) is divided by 16?
13
Suppose 1 = -o + 4. Suppose -8 = -p - 2*i, -p - o*i + 0 = -11. Let s(z) = 32*z + 2. Calculate the remainder when s(p) is divided by 17.
15
Suppose 4*c + 0 = 12, d + 4*c - 18 = 0. What is the remainder when 29 is divided by d/(3 - 14/6)?
2
Let u = -66 + 112. Calculate the remainder when u is divided by 600/84*(-5)/((-40)/28).
21
Let z = 15 + -12. Suppose -5*v = -z*m - 19, -m + 1 + 1 = 0. What is the remainder when v is divided by 4?
1
What is the remainder when 537 is divided by (1710/40)/(-19)*-8?
15
Let f(y) = 4*y**2 - 10*y + 5. Let z = 56 + -53. What is the remainder when 32 is divided by f(z)?
10
Let k = 7 - 3. Suppose -2*j + 6*j - 60 = -k*q, -4*j + 2*q + 42 = 0. Calculate the remainder when (-12)/(-8)*14 - -2 is divided by j.
11
Let i(x) = 3*x - 1 + 2 - x - 3*x. Let b(h) = h**2 + 5*h - 5. Let o(j) = b(j) + 6*i(j). What is the remainder when 11 is divided by o(3)?
4
Suppose -p - 32 = -l + 2*p, 5*l - 136 = 3*p. Suppose -2*v + 0*v = 4*h - l, 4*h = -v + 19. What is the remainder when 22 is divided by v?
1
Let c be 9/(-6)*(-20)/15. Suppose c*j = 98 + 14. Calculate the remainder when j is divided by 93/5 - 4/(-10).
18
Suppose -185*t + 1425 = -166*t. Calculate the remainder when t is divided by 22.
9
Let k be (-3 - 0) + -127*1. What is the remainder when (0 - -2)/(5/60) is divided by (k/(-50))/(2/10)?
11
Calculate the remainder when 1467/5 + (-60)/150 is divided by 8.
5
Suppose -3*t = -0*t - 99. Let r(u) = -20*u - 491. What is the remainder when t is divided by r(-25)?
6
Let z(w) = -w**2 - 12*w - 12. What is the remainder when 366 is divided by z(-5)?
21
Let y(u) be the third derivative of 17*u**4/12 - 17*u**3/3 + 4*u**2. What is the remainder when y(6) is divided by 19?
18
Suppose 1051 + 549 = 32*r. Calculate the remainder when r is divided by 32.
18
Suppose -6*u - 15 = -u - 5*z, 0 = u + 2*z - 9. Suppose 4*a - 24 = 3*a + 4*g, 0 = 4*a - g - 21. Calculate the remainder when a is divided by u.
0
Suppose 4*n + 4*v + 52 = 3*n, 0 = -4*n - 2*v - 208. Suppose 0*k = 5*k - 85. What is the remainder when k is divided by -4 - -1*n/(-4)?
8
Suppose 2*s = 0, 0 = -3*a - a + 2*s + 60. Suppose -f = 4*f - a, -5*y + 3*f = -16. Suppose y*b = 2*b + 18. What is the remainder when 9 is divided by b?
3
Let f be 1/(-4) + (-17)/(-68). Suppose f*v - 5*v + 105 = 0. Calculate the remainder when v is divided by 7.
0
Suppose 4*v = 8, -3*y = -4*y - 4*v + 83. Let p = -19 + 11. Let d = 11 - p. What is the remainder when y is divided by d?
18
Let f(q) be the third derivative of q**5/30 - q**2. Let x be (2/(-3))/((-6)/(-9)). What is the remainder when 7 is divided by f(x)?
1
Let n(h) = h**3 - 38*h**2 - 36*h - 84. Let d(y) = 8*y**2 + 3*y. Calculate the remainder when d(-3) is divided by n(39).
30
Let y(s) = 27*s**2 + 97*s + 3. Let i = 14 - 4. What is the remainder when y(-4) is divided by i?
7
Let n(h) = 17*h**2 + 3*h. Let i(x) = 18*x**2 - x + 1. Let d be i(1). Calculate the remainder when n(1) is divided by 123/d - 3/(-18).
6
Suppose -24*g = -21*g - 429. Calculate the remainder when g is divided by 49.
45
Let z = 188 - 178. What is the remainder when 29 is divided by z?
9
Let v be (483/6)/(-7)*-36. What is the remainder when 48 is divided by v/18 + 1 + 1?
23
Let g(u) = 4*u**2 - 63*u - 10. What is the remainder when g(22) is divided by 78?
72
Let w(x) = x**3 + 8*x**2 - 7*x + 22. Let l be w(-9). Let p = -15 + l. Let o(j) = j**2 + 7*j - 15. What is the remainder when o(p) is divided by 17?
12
Let b = -12 - 0. Let u = -19 - b. Calculate the remainder when 37 is divided by ((-140)/u)/((-4)/(-2)).
7
Suppose -5*r + 2907 = 12*r. Calculate the remainder when r is divided by 58.
55
Let u(x) = -56*x - 2. Let j be u(-1). Let t = j - 42. What is the remainder when 94 is divided by t?
10
Let n(i) = 2*i. Let u be n(9). Let v = u - 17. Suppose -v = -g, 0*g - 2*g = 3*m - 365. Calculate the remainder when m is divided by 31.
28
Suppose 152*t - 189*t + 666 = 0. What is the remainder when t is divided by -10*((-6)/4 - -1)?
3
Let k = -176 - -189. Calculate the remainder when 52 is divided by k.
0
What is the remainder when (2 - (-1202)/8) + (-32)/128 is divided by 6?
2
Let z be -7*1*330/(-35). Suppose -z - 68 = -2*x. Suppose -3*a = -3*r + 8*r - 91, 4*r = 5*a + 58. Calculate the remainder when x is divided by r.
16
Suppose 0 = -4*n + c + 1, 3*n = 2*n - c - 1. Suppose -11 = -2*x + p - 1, 4*p - 16 = n. What is the remainder when 186 is divided by x?
4
Let o = -2624 + 2629. What is the remainder when 539 is divided by o?
4
Suppose 10*g = -2346 + 2816. Calculate the remainder when 197 is divided by g.
9
Let b = 1036 + -1026. What is the remainder when 189 is divided by b?
9
Calculate the remainder when 16/(-24) + 1128/18 is divided by 33.
29
Let m = -2 + 150. What is the remainder when m is divided by 26?
18
Calculate the remainder when 1257/15 - (-20)/(-25) is divided by 6.
5
Suppose 2*g + 2*g - 12 = 0. What is the remainder when 220/g - 1/3 is divided by (-94)/(-4) - (-6)/4?
23
Suppose -2*n + 358 = 324. Suppose 45 = d + 4*d. Calculate the remainder when n is divided by d.
8
Suppose 2*n - 3*n + 4 = 0, 38 = 2*i + 4*n. Suppose 0 = -4*z + 4, -d + 3*d - 3*z = -5. What is the remainder when 4 + 0 + 27 - d is divided by i?
10
Let q = -8 - -51. Suppose -2*r = -3*z + 41, -67*r + 6 = -64*r. Calculate the remainder when q is divided by z.
13
Suppose 5*w + 170 = 2*f + f, 3*f = 4*w + 133. Let n = 48 + w. What is the remainder when 29 is divided by n?
7
Suppose 0 = -3*y + 15, -43*y + 70 = 2*w - 41*y. Calculate the remainder when 141 is divided by w.
21
Let n = 808 + -269. What is the remainder when n is divided by 16?
11
Let s = -151 - -179. Calculate the remainder when s is divided by 9.
1
Let w = 253 + -150. What is the remainder when w is divided by 37?
29
Let k be 30/5*(-2)/2. Let g = k - -10. Suppose 0 = -2*n + 30 + g. Calculate the remainder when n is divided by 6.
5
Let w = -303 - -349. Calculate the remainder when w is divided by 10.
6
Let h = -17 - -15. Suppose 4*m - 3*u + 5*u - 100 = 0, -4*u + 8 = 0. What is the remainder when m is divided by 1/h + 54/4?
11
Suppose -17 = -9*r + 10. Suppose r*u - 7 = 2*v - 2, 5 = -5*v. Calculate the remainder when u is divided by 1.
0
Suppose 0*v - 475 = -5*v. Calculate the remainder when v is divided by 31.
2
Suppose 4*y - 45 = -3*r, 6*r - 3*r = -5*y + 54. Let g = y + 5. Suppose -6*l = -11*l + 110. Calculate the remainder when l is divided by g.
8
Let a = -7 - -10. Suppose 5*v - 6 = -f, 3*v + 6 = a. Calculate the remainder when 43 is divided by f.
10
Let k(z) = -z**2 + 7*z + 24. Let u be k(5). Suppose 2*o = u + 54. Calculate the remainder when o is divided by 9.
8
Let x(m) = 6*m - 201. Calculate the remainder when x(42) is divided by 4.
3
Let b be ((-2)/4)/((-3)/(-36)). Let a = -100 + 145. Calculate the remainder when a is divided by 140/6 + b/(-9).
21
Let y = 34 + 849. Calculate the remainder when y is divided by 3.
1
Let h(b) be the second derivative of -2*b**3/3 - b. Suppose -5*v + 219 = 4*k, 12*v - 15*v - 4*k + 125 = 0. What is the remainder when v is divided by h(-2)?
7
Suppose -2*s - 2*p + 0*p = -92, 5*p + 46 = s. Calculate the remainder when 459 is divided by s.
45
Let b = -3512 - -3535. Let k = 37 + -25. Calculate the remainder when b is divided by k.
11
Suppose -3*c = -3, 12 = 2*t + 2*c + 2*c. Suppose -t*s + 6 = -14. Let q = -27 + 38. Calculate the remainder when q is divided by s.
1
Let r = 12 - 7. Calculate the remainder when ((-1)/((-7)/(-546)))/(-2) is divided by 18 - (-1 - (r + -3)).
